*2. Calculate s(j).
5
Let v(p) = 15 + 0 - 8 + p**2 - 14. Suppose -l - 4*o = -5 - 1, 2*l + o + 2 = 0. Let s be l/(-6) + 70/15. Calculate v(s).
18
Let v(s) = 25 + 29 - 57 + 2*s. Suppose t - 5*t = -8. Let k be 72/(-18) - (-18)/t. Determine v(k).
7
Let o(t) = 4*t + 73. Let w(h) = h**2 - 22*h - 21. Let n be w(0). Determine o(n).
-11
Suppose 7 = 3*f - 11. Suppose -o = -b - f, -4*o - o - b + 60 = 0. Let u(k) = k**3 - 12*k**2 + 10*k + 3. Give u(o).
-8
Let l(h) be the first derivative of h**2 - 5*h - 291842. Let r(w) = w + 1. Let q be r(-4). Give l(q).
-11
Let j(q) = -4*q. Let l = -67 + 67. Suppose 0 = 3*p + 4*z - l + 1, -5*z - 6 = -p. What is j(p)?
-4
Let l(t) = -22*t**3 + 2*t**2 + t - 2. Let u = 1547 - 1546. Calculate l(u).
-21
Let f = 1 - 6. Let d be 41 - (4 + (0 - -2)). Let l(c) = 72*c - 35*c - d*c. Give l(f).
-10
Suppose -6*b + 3*b + 4*c + 143 = 0, -67 = -2*b - 3*c. Let j = b - 38. Suppose 0*g + 24 = j*g. Let k(y) = -y**2 + 9*y + 7. What is k(g)?
15
Let a(x) = x**2 + 7*x - 10. Let i(h) be the first derivative of h**2 - 9*h - 1. Let g be i(6). Suppose 14*b + 88 = g*b. Determine a(b).
-2
Let v(h) = h**2 - 5*h - 7. Let u = 399 + -682. Let n = -278 - u. What is v(n)?
-7
Let n be (-16)/(-24)*(0 - -39). Let j be 17 - 0 - -2 - -2. Let u = n - j. Let v(d) = d**2 - 3*d + 3. Determine v(u).
13
Let y be (-13)/(91/(-14)) + -1 + (-3 - -8). Let i(g) = -3*g + 7. Determine i(y).
-11
Let z(p) = -p**3 - 18*p**2 - 75*p + 47. Let g be z(-10). Let w(l) = 3*l**2 + 8*l + 3. Calculate w(g).
6
Let m be (11 - (-1 - -1)) + (14 - 17). Let j(r) = 4 - 17 + 12 - r - m*r**2. Determine j(-1).
-8
Let q(u) = u**3 + 13*u**2 - 30. Let n(r) = r**3 + 15*r**2 + 46*r + 17. Let y be n(-3). Determine q(y).
-30
Let q(u) = 2*u - 7. Suppose 0 = -4*j + 5*v + 10, -55 = 5*j + 84*v - 79*v. Determine q(j).
-17
Suppose -11 = -3*b - 0*g - 4*g, 3*g = -5*b + 22. Suppose -2*y - 5*y + 343 = 0. Let h(a) = y*a - 2 + 45*a - 89*a. Calculate h(b).
23
Let x(u) = -13*u**2 + u + 18 + 19*u**3 - 24*u**2 + 47*u**2 - 18*u**3. Determine x(-10).
8
Let v(j) be the third derivative of -j**4/2 + 23*j**3/6 - 23*j**2 + 28*j + 2. Determine v(3).
-13
Suppose 0*o + 12 = 5*o + 2*h, -4 = 2*o + 3*h. Let t(v) be the second derivative of 1/3*v**o + 1/20*v**5 + 3/2*v**2 + 0 + 12*v + 1/3*v**3. Determine t(-4).
-5
Let l(o) = 3*o - 1. Let h(i) = 4*i - 2. Let a(g) = -2*h(g) + 3*l(g). Suppose 0 = -9*p + 4*p - 35. Let u be p - ((-18)/(-27) - (-5)/(-3)). Give a(u).
-5
Let k(y) = 7*y + 1. Let g = 67 + -63. Suppose -h + g*n = 8*n - 18, 3*n = -h + 14. Give k(h).
15
Let l = -164171/6 + 27362. Let x(n) be the second derivative of -35*n + 1/20*n**5 + 0 + 3/2*n**2 - l*n**4 - 2/3*n**3. Determine x(3).
0
Suppose 271*j = 275*j + 68. Let c be 1/1 - j/((-85)/40). Let p(s) be the first derivative of s**2/2 + 16*s - 2. What is p(c)?
9
Let n(g) = 2*g**2 - g - 2. Suppose j + 48 = 7*j. Suppose -3*d + 20 - j = 0. Suppose -4*f = d*q - 5 - 3, 0 = -f - 3*q + 10. Determine n(f).
8
Suppose 14*h = -401 + 1787. Let y(w) = 9*w + h - 7*w - 106 + 9*w - w**2. What is y(9)?
11
Let h be 2 - 3 - (-1698)/2. Let y(z) = -h + 2*z + 846 - 7*z. What is y(3)?
-17
Let j(d) be the third derivative of d**6/120 - d**5/30 - d**4/4 - 7*d**3/6 - 4*d**2 + 29*d. What is j(-2)?
-11
Let v = -4388 - -4690. Let w = 1 - 1. Let n(d) = v*d - 304*d - 1 + w - d**2. Calculate n(-1).
0
Let w(v) = -v**2 + 4*v + 4. Let k(m) = -2*m**2 + 24*m - 4. Let d be k(10). Suppose -q = -4*q + d. Suppose -20 + q = -2*p. Give w(p).
4
Suppose d - 4*l - 1 = 0, -32 = 4*d - 2*l - 2*l. Let u(q) be the third derivative of -q**4/12 - 23*q**3/6 + 7*q**2. Determine u(d).
-1
Let m(x) be the first derivative of 3*x + 5*x**2 - 1/4*x**4 + 72 - x**3. Give m(-5).
3
Let x(k) = 8 + 4*k - 3*k + k. Let i be 54/10*(15/5 - 2) + 2792/1745. Calculate x(i).
22
Let v(x) = 10 + 5*x - 10*x**2 + 17*x**3 - 38*x**3 + 20*x**3 + 4*x - 7*x. Give v(-10).
-10
Let n(p) = -p**3 - 6*p**2 + 2*p + 5. Let g be (-3)/(6/(-4) - (-5)/10). Suppose -16 = g*s - 7*s, 0 = 2*h - 2*s + 20. Determine n(h).
-7
Let b(x) be the first derivative of x**2 + 18*x + 1515. Determine b(10).
38
Suppose 0*i - 6 = -2*i - t, 0 = -3*i - 2*t + 6. Let s(d) = -d**3 + 7*d**2 - 9*d + 15. Calculate s(i).
-3
Let y(n) = -14*n + n**3 - 9162157 + 9162157 + 5*n**2. Determine y(-7).
0
Let u(x) = 12*x**2 + 18*x - 13. Let m(w) = 6*w**2 + 10*w - 7. Let l = 11 + -17. Let q(y) = l*u(y) + 11*m(y). Determine q(-1).
-7
Let l(w) = -3*w**2 + 37*w - 18. Let x(a) = 2*a**2 - 18*a + 9. Let n(q) = 4*l(q) + 7*x(q). Calculate n(-12).
15
Let k(b) = 5*b**3 + 2*b**2 + b - 2. Suppose -82*m + 45 = -37*m. Determine k(m).
6
Let q(x) = x**3 + 27*x**2 - 27*x + 17. Suppose 0 = 4*g - 6*w + 118, 31 + 80 = -4*g - w. Give q(g).
-11
Let l(q) = -q**2 + 6*q - 5. Let r be l(5). Let i(h) = -3*h + 2*h + 4 + r. Suppose -7*x - 43 = -j, 4*x + 16 = 49*j - 47*j. Give i(j).
10
Let f(q) = 129*q + 45. Let i(v) = 25*v + 9. Let m(d) = -4*f(d) + 21*i(d). Calculate m(0).
9
Suppose 33*j - 34*j + 24 = 0. Let b(q) = -3*q + 75. Let o be b(j). Let y(w) = w**2 - 3*w - 2. What is y(o)?
-2
Let k(n) = 4*n**2 - n - 1. Let s(y) = -y**2 + 32*y + 5. Let l be s(16). Let h = l - 262. Give k(h).
4
Let a = 360 - 367. Let d(y) be the second derivative of -y**4/6 - 7*y**3/3 + y**2 - 31*y + 1. Give d(a).
2
Let k(b) = -b**3 - 7*b**2 - 8*b - 2. Let h(l) = -25*l + 222. Let q be h(9). Let a(g) = -2*g**2 - 14*g - 30. Let i be a(q). Give k(i).
10
Let x(w) = -4*w**3 - 19*w**2 - 8*w - 12. Let t be x(-6). Let s(u) = 0*u + 0*u - u**3 + 0*u + 5*u - t*u**2 + 219*u**2 - 4. What is s(5)?
-29
Let x(z) = -2*z - 2. Let b(f) = 2*f - 20. Suppose 5*p + 2*s = -1 - 0, -5*s = -p + 16. Let u(g) = -g. Let o(k) = p*u(k) - b(k). Let q be o(6). Calculate x(q).
-6
Let k(q) = 36*q - 16. Let u be k(13). Let v(z) = -u*z**3 + 5*z**2 + 453*z**3 + 5*z + 3 + 0*z**2. Determine v(-4).
-1
Suppose -3*g - 10 = -8*g. Let i(p) = p**g - 8*p**2 + p + 0*p**3 - p**3 + 1. Suppose -35 = -526*a + 531*a. Give i(a).
-6
Let w(l) = -l**2 - 13*l. Let c = 405 - 229. Let m = c + -187. Give w(m).
22
Let q be 15/2 + (-1)/(-2). Let l(u) be the second derivative of u**4/12 - 4*u**3/3 + 9*u**2/2 - 2655*u. Determine l(q).
9
Let b = -13 - -18. Let o(w) = -17 + w + 0*w - w + 2*w. Let r(x) = 3*x - 26. Let k(y) = 8*o(y) - 5*r(y). What is k(b)?
-1
Let a(c) = -1 + 350388*c - 8 - 350387*c. Give a(10).
1
Let s = 21 + -20. Let g be (-4)/2 - (-4 + s). Let z(q) = 23 - 23 - 68*q - 9*q**2 + 69*q. Calculate z(g).
-8
Let v(y) be the first derivative of -4*y**2 + 173*y - 920. Determine v(22).
-3
Let d(t) = 2*t - 30. Let m be 4 + -5 + (-93)/6*2. Let o be m/(-5*(-11)/((-55)/2)). What is d(o)?
2
Let k(z) = -z**3 - 13*z**2 + z + 8. Suppose -184*x - 32 = -188*x. Suppose 0 = -3*c - u + x - 45, 0 = -5*c + 2*u - 69. What is k(c)?
-5
Let d(t) be the third derivative of t**6/360 + t**3/3 - 4*t**2. Let u(g) be the first derivative of d(g). Let o be (-8 - -8)/13*(-2)/(-4). Give u(o).
0
Suppose a - 4 = -1. Let d(b) = -12*b - 6. Let n(i) = 5*i + 3. Let h(r) = a*d(r) + 7*n(r). What is h(11)?
-8
Let y(j) = -78*j**2 + 2 - 5*j + 56*j**2 - 12 + 21*j**2. Calculate y(6).
-76
Let k(l) = 11*l - 31 - 9*l + 14*l - 39 + 13*l. Give k(3).
17
Let l = -70664 - -70669. Let i(k) = -2*k**2 - k + 2 + k + k. Determine i(l).
-43
Let l(a) = a**2 - 61*a - 69. Let k be l(62). Let b(r) = -r**3 - 6*r**2 + 7*r + 15. Determine b(k).
15
Let y(p) = p**2 + p + 8. Suppose -7 - 2 = -3*c. Let w(v) = 7*v**c + 7*v**2 - 13*v**3 + 7*v**3. Let r be w(-7). Calculate y(r).
8
Let k(j) = -j**3 - 8*j**2 + 9*j - 2. Suppose 0 = 8*d - 7*d - 2. Suppose -5*f + d*t = -170, -5*f + 99 + 106 = 5*t. Suppose 0 = 4*s + f. What is k(s)?
-2
Let u(v) = 16*v - 4. Suppose 0 = -6*l + 3*l - 5*o + 221, 0 = 2*l - 4*o - 118. Let w = l - 73. Let m(n) = 47*n - 11. Let a(c) = w*m(c) + 17*u(c). Calculate a(2).
-22
Suppose 108 = -k - 2*k. Let b be ((-1)/7 + 219/14)*-2. Let i = k - b. Let r(z) = z**2 + 8*z + 3. Calculate r(i).
-12
Let j(b) be the third derivative of b**4/12 - 7*b**3/3 + 319*b**2 + 2*b. Calculate j(-11).
-36
Let d = 3 - -3. Let z(x) be the first derivative of -x**2 - 3*x + 24534. Give z(d).
-15
Let i(j) = -11*j**2 + 13*j. Let l(g) = 3*g**2 - 2*g. Let h(u) = i(u) + 4*l(u). Let b = -15 - -25. Suppose -2*p = 3*n + 4 + b, p + 22 = -4*n. Give h(n).
6
Let h(j) = 138*j - 136. Let r(g) = 87*g - 90. Let v(a)